{"id":11,"date":"2007-01-09T22:25:47","date_gmt":"2007-01-09T21:25:47","guid":{"rendered":"http:\/\/lillabjallerupbostader.se\/tofta\/?page_id=11"},"modified":"2024-01-28T09:26:36","modified_gmt":"2024-01-28T09:26:36","slug":"om-oss","status":"publish","type":"page","link":"https:\/\/lillabjallerupbostader.se\/tofta\/om-oss","title":{"rendered":"Om oss"},"content":{"rendered":"<h2>Om oss<\/h2>\n<p>17 november 2006 k\u00f6pte familjen Guld\u00e5ker F\u00f6rsvarets Civilanst\u00e4lldas Semesterhem i Tofta, precis i omr\u00e5det d\u00e4r havet m\u00f6ter land. Fr\u00e5n 1940-talet fram till \u00e5r 2006 har st\u00e4llet fungerat som semesterboende \u00e5t de civilanst\u00e4llda i f\u00f6rsvaret, s\u00e5 det finns en gedigen semestertradition f\u00f6rknippad med platsen.<\/p>\n<p><em>70-talet<\/em> \u00e4r en v\u00e4lbevarad v\u00e4stkuststuga uppf\u00f6rd 1978, med stilenliga tapeter och inredning i sen 70-talsstil, vilket k\u00e4nns fantastiskt trevligt f\u00f6r oss som \u00e4r uppvuxna med liknande inredning. Mycket f\u00e4rg och mycket m\u00f6nster. Parstugan andas lite mer<em> 50-60 tal<\/em> och \u00e4r ocks\u00e5 den ursprungliga byggnaden fr\u00e5n efterkrigstiden, men \u00e4r dock renoverad 2011 f\u00f6r att f\u00e5 lite mer komfort \u00e4n tidigare.<\/p>\n<p>Vi vill g\u00e4rna forts\u00e4tta att erbjuda sommarg\u00e4ster ett trevligt boende d\u00e4r man \u00e4r granne med hav och strand och d\u00e4r man kan bo i en personlig sommarstuga under Gotlandsvistelsen. F\u00f6r oss \u00e4r det viktigt att man trivs i sitt boende och att det inte k\u00e4nns som ett trist sterilt hotell &#8211; man ska kunna k\u00e4nna sig hemma :).<\/p>\n<p>Familjen Guld\u00e5ker har gotl\u00e4ndskt\/v\u00e4rml\u00e4ndskt p\u00e5br\u00e5, men bor i Sk\u00e5ne utanf\u00f6r Lund. Som bisyssla driver vi ett litet bostadsbolag <a href=\"http:\/\/lillabjallerupbostader.se\/\" target=\"_blank\" rel=\"noopener\">Lilla Bj\u00e4llerup Bost\u00e4der<\/a> med permanentbost\u00e4der p\u00e5 v\u00e5r sk\u00e5neg\u00e5rd. P\u00e5 v\u00e5r sk\u00e5nefastighet har vi ocks\u00e5 tv\u00e5 m\u00f6blerade l\u00e4genheter som vi hyr ut: <a href=\"https:\/\/www.airbnb.se\/rooms\/8809562?adults=1&amp;children=0&amp;enable_m3_private_room=true&amp;infants=0&amp;pets=0&amp;check_in=2024-02-01&amp;check_out=2024-02-06&amp;source_impression_id=p3_1706433664_H2rC8YKVpViN%2BVd0&amp;previous_page_section_name=1000&amp;federated_search_id=18bfde2e-7b97-4d54-8d9f-e0fde95624e7\" target=\"_blank\" rel=\"noopener\">&#8221;Undantaget&#8221;<\/a>\u00a0 \u00a0och\u00a0 \u00a0<a href=\"https:\/\/www.airbnb.se\/rooms\/698171422417258712?adults=1&amp;children=0&amp;enable_m3_private_room=true&amp;infants=0&amp;pets=0&amp;check_in=2024-02-01&amp;check_out=2024-02-06&amp;source_impression_id=p3_1706433664_OPe2Z0HhILoBMEsD&amp;previous_page_section_name=1000&amp;federated_search_id=18bfde2e-7b97-4d54-8d9f-e0fde95624e7\" target=\"_blank\" rel=\"noopener\">&#8221;English cottage&#8221;<\/a><\/p>\n<p>Semesterhemmet p\u00e5 Gotland blir en trevlig kontrast till vardagsboendet.<\/p>\n","protected":false},"excerpt":{"rendered":"<p>Om oss 17 november 2006 k\u00f6pte familjen Guld\u00e5ker F\u00f6rsvarets Civilanst\u00e4lldas Semesterhem i Tofta, precis i omr\u00e5det d\u00e4r havet m\u00f6ter land. Fr\u00e5n 1940-talet fram till \u00e5r 2006 har st\u00e4llet fungerat som semesterboende \u00e5t de civilanst\u00e4llda i f\u00f6rsvaret, s\u00e5 det finns en gedigen semestertradition f\u00f6rknippad med platsen. 70-talet \u00e4r en v\u00e4lbevarad v\u00e4stkuststuga uppf\u00f6rd 1978, med stilenliga tapeter&#8230; <a href=\"https:\/\/lillabjallerupbostader.se\/tofta\/om-oss\" class=\"excerpt-read-more\">Read More<\/a><\/p>\n","protected":false},"author":3,"featured_media":0,"parent":0,"menu_order":0,"comment_status":"closed","ping_status":"closed","template":"","meta":{"jetpack_post_was_ever_published":false,"footnotes":""},"class_list":["post-11","page","type-page","status-publish","hentry"],"jetpack_shortlink":"https:\/\/wp.me\/PMCXL-b","jetpack_sharing_enabled":true,"jetpack_likes_enabled":true,"jetpack-related-posts":[],"_links":{"self":[{"href":"https:\/\/lillabjallerupbostader.se\/tofta\/wp-json\/wp\/v2\/pages\/11","targetHints":{"allow":["GET"]}}],"collection":[{"href":"https:\/\/lillabjallerupbostader.se\/tofta\/wp-json\/wp\/v2\/pages"}],"about":[{"href":"https:\/\/lillabjallerupbostader.se\/tofta\/wp-json\/wp\/v2\/types\/page"}],"author":[{"embeddable":true,"href":"https:\/\/lillabjallerupbostader.se\/tofta\/wp-json\/wp\/v2\/users\/3"}],"replies":[{"embeddable":true,"href":"https:\/\/lillabjallerupbostader.se\/tofta\/wp-json\/wp\/v2\/comments?post=11"}],"version-history":[{"count":5,"href":"https:\/\/lillabjallerupbostader.se\/tofta\/wp-json\/wp\/v2\/pages\/11\/revisions"}],"predecessor-version":[{"id":1458,"href":"https:\/\/lillabjallerupbostader.se\/tofta\/wp-json\/wp\/v2\/pages\/11\/revisions\/1458"}],"wp:attachment":[{"href":"https:\/\/lillabjallerupbostader.se\/tofta\/wp-json\/wp\/v2\/media?parent=11"}],"curies":[{"name":"wp","href":"https:\/\/api.w.org\/{rel}","templated":true}]}}